 + 5. Let x be m(6). Let u(p) = 4*p + 1. Let f be u(3). Suppose 2*l = l + f. Calculate the highest common factor of x and l.
13
Suppose g + g - 90 = 0. Let z(m) = -m**3 + m**2 + m + 30. Let l be z(0). Calculate the greatest common divisor of g and l.
15
Suppose 2*l + 12 = 3*l. Let o be 15/4 + (-9)/l. Calculate the highest common factor of 9 and o.
3
Let b = -20 - -14. Let m be 3/b + (-15)/(-2). What is the greatest common divisor of m and 63?
7
Let p be -1 + 99/((-9)/(-3)). Let g = 0 + 8. What is the highest common factor of p and g?
8
Let u be ((-23)/3)/((-2)/6). Calculate the highest common divisor of 23 and u.
23
Let x = 251 - 139. Calculate the highest common divisor of x and 16.
16
Suppose 0 = -2*q - q + 6. Suppose q*w - 111 = -39. What is the greatest common divisor of w and 18?
18
Suppose -5*m - 57 + 382 = 0. Let i be (2/(-6))/(1/(-39)). Calculate the greatest common factor of m and i.
13
Let f(k) = -5 - 3*k + 15 + 6 - 3. Let r be f(-11). What is the greatest common factor of 69 and r?
23
Let a(r) = -r + 2*r + 4 - 12 - 2*r. Let z be a(-10). Let f be z*((-6)/4)/(-3). Calculate the highest common divisor of f and 3.
1
Let u(w) = 9*w - 4. Suppose 5*l = 9 + 11. Let k be u(l). What is the highest common divisor of 80 and k?
16
Let k(b) = 41*b - 1. Let q be k(1). Calculate the greatest common factor of q and 8.
8
Let q = -10 + 18. Let x = q - 9. Let j = 2 + x. Calculate the highest common divisor of j and 2.
1
Let b be 41*(1 + -2) - 2. Let s = 61 + b. Let l(n) = -n**3 + n**2 + n + 18. Let w be l(0). Calculate the greatest common divisor of w and s.
18
Let k be 17*7 - (3 + (-1 - 3)). Calculate the greatest common divisor of 24 and k.
24
Let b(i) = i**2 + i + 10. Let w be b(0). Let d be 4/(-18) + (-30100)/63. Let s be d/(-6) - (-4)/12. What is the highest common divisor of w and s?
10
Suppose -3*x - 45 = -8*x. What is the greatest common factor of 45 and x?
9
Suppose 2*f = -0*f - k + 20, f - 1 = 4*k. Suppose 0 = -2*p - 2*v + 4, -3*p - 4*v + 5 - 3 = 0. Calculate the greatest common factor of p and f.
3
Let c be 16/12*(-3)/1. Let y(q) = -11*q - 6. Let g be y(c). What is the highest common divisor of 95 and g?
19
Let h(z) = z. Let n be h(4). Suppose 2*u - 8 - 4 = 0. Suppose -u*y = -2*y - 128. What is the greatest common divisor of n and y?
4
Suppose -63 + 15 = -4*q + i, 8 = 2*i. Let p(x) = -7*x + 3. Let s be p(-7). What is the greatest common divisor of s and q?
13
Let v be ((-6)/(-18))/((-2)/(-30)). Let k = 7 + v. Let g = 22 + -16. Calculate the greatest common divisor of k and g.
6
Let r = -4 - -6. Let k = r + 1. Suppose 5*d - 5*a + k*a - 327 = 0, 0 = -5*a - 5. What is the greatest common divisor of 26 and d?
13
Suppose -q + 6 = -16. Let f = 8 - -25. Calculate the highest common divisor of q and f.
11
Let n be ((-8)/10)/(127/(-25) + 5). Calculate the greatest common factor of 8 and n.
2
Suppose 3*y - 2*o - 260 = 0, 5*y - 3*o + o = 436. Calculate the greatest common factor of 110 and y.
22
Let g = -75 - -155. Let k = 114 - g. What is the greatest common divisor of 17 and k?
17
Let v(z) = z**2 - 3*z + 8. Let o be v(-6). Calculate the highest common divisor of o and 93.
31
Suppose q - 88 - 115 = 0. What is the greatest common factor of q and 29?
29
Let a = 24 - 36. Let o = a - -8. Let k(v) = v**2 + 3*v + 3. Let r be k(o). Calculate the highest common divisor of r and 35.
7
Suppose 1875 = -s + 6*s. What is the greatest common divisor of 15 and s?
15
Suppose 0*t - 4*z = -t - 7, 2*z - 31 = -5*t. What is the greatest common divisor of t and 10?
5
Suppose -s = -4*f - 0*f + 827, 3*f - s = 619. Suppose 3*a = 6*a - 15. Suppose a*t = t + f. What is the greatest common divisor of 13 and t?
13
Suppose 2*k = -y + 7, -2*k + 9 = 4*y - 5*y. What is the highest common divisor of 44 and k?
4
Let a = 125 + -93. Calculate the greatest common factor of a and 8.
8
Let w = 92 - 65. Calculate the greatest common factor of w and 108.
27
Let v(u) be the first derivative of 11*u**3/3 - 2*u**2 + u - 6. Let i be v(3). What is the greatest common factor of i and 8?
8
Let a be (30/8 + 0)/((-27)/(-72)). What is the highest common divisor of 80 and a?
10
Suppose 0 = u + 3*u - 2*s - 328, 4*u + 3*s = 348. What is the greatest common divisor of 12 and u?
12
Suppose -7 = -3*q + 17. Calculate the highest common divisor of q and 4.
4
Let z be (2/4)/(2/12). Suppose -2*d = -6, -z*d = -5*t - 7*d + 67. Calculate the highest common factor of 1 and t.
1
Suppose 2*g = -g + 6. Let j be 0/(3/(g - -1)). Suppose 2*l - 7 + 1 = j. Calculate the highest common divisor of 27 and l.
3
Suppose 0 = -4*k + 18 - 10. What is the highest common divisor of 18 and k?
2
Suppose o - 5 = 3. Suppose 0*p - 5*p = s + o, 4*p + 18 = 5*s. Let n = -24 + 40. Calculate the greatest common divisor of s and n.
2
Let n = -25 + 33. What is the highest common divisor of n and 12?
4
Let v be (195/26)/(1 - 2/8). Calculate the greatest common divisor of v and 25.
5
Suppose 4 = 2*q - 4, -x - 4*q = -34. Calculate the greatest common divisor of x and 6.
6
Suppose 252 = 2*u + 7*u. Calculate the highest common divisor of 35 and u.
7
Let v be 2 - (-34 + (1 - 0)). Let k(s) = -s**3 + 9*s**2 + 4*s - 31. Let m be k(9). Calculate the highest common factor of m and v.
5
Let o be 18/(-12)*(2 + 0). Let c be 0 + 18 + o + -3. What is the greatest common divisor of c and 30?
6
Let l = 218 + -146. Suppose -v + 10 = r, 2*v + 3*r = 2*r + 19. Calculate the highest common divisor of v and l.
9
Let t = 78 + -56. What is the greatest common divisor of t and 22?
22
Let p(d) = d + 10. Let r be p(0). Suppose -z = -4*s + 10 - 41, -5*z + 71 = s. Let l be z/(-2)*(-44)/3. What is the highest common divisor of r and l?
10
Suppose 5*g - 180 = -0*g. What is the highest common divisor of g and 9?
9
Let d be ((-2)/4)/((-2)/208). Suppose u + n + 3*n = -d, 0 = -4*u - 3*n - 143. Let x = 45 + u. What is the highest common factor of 143 and x?
13
Suppose -6*z + 3*d = -z - 270, -2*z - 4*d + 134 = 0. Let r = z - 38. What is the greatest common divisor of r and 133?
19
Suppose -h + 2 = -0. Suppose h*s - 32 = -2*s. Suppose 0 = -b - 4*n + s, -3*b + 7*n + 109 = 2*n. Calculate the highest common factor of b and 14.
14
Let d be 275/50 - (-1)/(-2). Calculate the greatest common factor of 20 and d.
5
Suppose -12 - 14 = i. Let l = 74 + i. What is the greatest common divisor of l and 12?
12
Suppose 8*k - 123 = 21. Suppose -4*q + 0*q = -504. Calculate the greatest common divisor of q and k.
18
Let z = -10 - -14. Suppose z = 4*l - 0. Calculate the highest common divisor of l and 1.
1
Suppose -3*o + 18 = -5*u, -4*o + 3*u + 24 = -u. What is the greatest common factor of o and 2?
2
Let o = -8 - -19. What is the greatest common divisor of o and 22?
11
Let k = 36 + 129. What is the greatest common divisor of 66 and k?
33
Let z be (-1 - -5)*-1*-1. What is the highest common factor of 1 and z?
1
Let q be 28/(-21)*(-51)/2. Let k = q - 15. What is the highest common divisor of 38 and k?
19
Let a(m) = 11*m**2 + 13*m - 8. Let g be a(-6). What is the highest common factor of g and 10?
10
Let o(h) = -20*h. Let n = 1 - 5. Let z be o(n). Suppose -1 + 61 = 3*t. What is the highest common divisor of z and t?
20
Suppose 10 = 8*p - 54. Let n(m) = -3*m**3. Let g be n(-2). Calculate the highest common factor of g and p.
8
Let a(k) = -k - 8. Let v be a(7). Let t be 4/(-6) - 1060/v. Suppose d + 3*m - 23 = 8, m + 111 = 4*d. What is the greatest common divisor of t and d?
14
Let y be (-586)/(-14) - 2/(-14). Calculate the greatest common factor of y and 42.
42
Let o(p) = -p**2 - 10*p - 13. Let f be o(-4). Let z(i) = -17*i + 4. Let n be z(-3). What is the highest common factor of f and n?
11
Let i be ((-64)/(-5))/((-5)/(-25)). Let a = 1 + 7. Calculate the highest common factor of i and a.
8
Suppose 2*w = 5*a - 3*w - 225, 2*w = -10. Let p = 5 + 3. What is the highest common divisor of p and a?
8
Let w(r) = -r**2 + 14*r - 7. Let q be w(7). What is the greatest common factor of q and 14?
14
Let i = 80 + -38. Let v = -3 + 31. Calculate the greatest common divisor of i and v.
14
Let j be 1*(0 + 1 - 0). Let q = 6 + j. Let r be -12*(0 + 7/(-4)). Calculate the highest common divisor of q and r.
7
Let d(l) = -10*l**3 - 4*l**2 - 2*l + 1. Let n be d(-2). Calculate the highest common factor of n and 46.
23
Let i = -